 i - i = 238, -3*z = -5*i - 349. What are the prime factors of z?
3, 41
Let d(n) = 2*n**3 - 9*n**2 - 4*n + 3. Let z be d(5). Suppose z*h - 804 + 28 = 0. What are the prime factors of h?
97
Let c(y) = -y**3 - y**2 - 3*y + 15. Let d be c(0). Suppose 3*u + 3*a + 73 = 5*u, 5*a = -d. List the prime factors of u.
2
Suppose i - 4*k - 72 = 1068, k = -3. What are the prime factors of i?
2, 3, 47
Let u = 45 - 105. Let r = -30 - u. Suppose 0 = -5*i + r + 5. What are the prime factors of i?
7
Let x = -59 - -56. Let m(g) be the second derivative of g**4/12 - 5*g**3/6 - 3*g**2/2 + g. List the prime factors of m(x).
3, 7
Let d = -28 + 30. Let n be -6*(d/4 + 1). What are the prime factors of 22/(-3)*(n - -3)?
2, 11
Let o = -11 + 16. Suppose -1 = o*z + 4. What are the prime factors of (1 - (1 + z))*7?
7
Let g(d) = 82*d + 7. Suppose -8*w = -3*w - 5. List the prime factors of g(w).
89
Let m = 178 + 88. List the prime factors of m.
2, 7, 19
Suppose m - 5*t - 112 = 0, 0 = 2*m + 3*m - 5*t - 640. Let o = m - 65. What are the prime factors of o?
67
List the prime factors of (12 + -314)/(4/(-4)).
2, 151
Let b(a) = -52*a**2 - 7*a + 8. Let z(f) = 53*f**2 + 6*f - 7. Let s(l) = 5*b(l) + 6*z(l). What are the prime factors of s(1)?
3, 19
Let t = -3 + 6. Suppose -t*y = 131 - 401. What are the prime factors of y?
2, 3, 5
Suppose -c - 4*q = -172, -5*c + 332 = -2*q - 550. List the prime factors of c.
2, 11
Let l(x) = x**2 - 4*x - 1. Let h be l(9). Suppose 16 - h = -4*v. Suppose v*a - 272 = 3*a. What are the prime factors of a?
2, 17
Let f = 57 + -52. Let q = -5 - -14. Suppose q*v = f*v + 172. List the prime factors of v.
43
Let d be 154/2 - (-4)/(-2). Let s be (2/(-3))/(5/d). Let m = s - -18. What are the prime factors of m?
2
Suppose 24*x = 27*x - 435. List the prime factors of x.
5, 29
Let o(l) = l**3 - 21*l**2 + 18*l + 43. Let h be o(20). Suppose 3*u + 4*t = 2*u + 72, h*t = -u + 76. List the prime factors of u.
2, 11
Suppose -3*v = 3*v - 18. Suppose 3*c + 3*m = 39, -v*m - 65 = -9*c + 4*c. List the prime factors of c.
13
What are the prime factors of (-7)/(-14)*2*556?
2, 139
Suppose 2*c - 2348 = 4*x, -3*x - 213 = -4*c + 4488. List the prime factors of c.
2, 3, 7
Let p be ((-195)/2)/((-4)/(-16)). List the prime factors of 3/(-2) - p/12.
31
Let y = 1 - 1. Suppose y = d + 3*g - 53, -d + 0*d = -4*g - 88. Suppose 0 = -4*i - p + d, 0 = 5*i - 3*p + 5*p - 85. What are the prime factors of i?
17
Let r(o) = 6*o**2 + o + 1. Suppose 0 = -7*d + 9*d + 2. Let w be r(d). Suppose -w*z + z = -270. What are the prime factors of z?
2, 3
Suppose 0 = -9*h + 12 + 87. Suppose -h*p = -10*p - 73. List the prime factors of p.
73
Suppose -672 = 7*h + 7*h. Let k = 161 - h. What are the prime factors of k?
11, 19
Suppose 0 = -4*u + 5674 - 1966. List the prime factors of u.
3, 103
Let s be (1/(-2)*-1)/(2/(-12)). List the prime factors of ((-1)/2)/(6/1656*s).
2, 23
What are the prime factors of 152/6 + 1 - 40/120?
2, 13
Let o(c) = c**3 + 4*c**2 - 5*c + 2. Let n be o(-5). Suppose -3*b - 55 = n*b. What are the prime factors of 20 - 1 - (b - -11)?
19
Suppose -4*m - 2*d = 0, -3*d + d = 2*m. Suppose 3*q + 3*z - 261 = m, -5*z + 3*z = 4*q - 354. What are the prime factors of q?
2, 3, 5
Suppose -8*i = -4*i - 4*x - 6516, -2*x = -3*i + 4886. List the prime factors of i.
2, 11, 37
Let f be (3 + 0/2)/1. Suppose 2*h - 3*l = 3*h + f, 44 = 2*h - 4*l. What are the prime factors of h?
2, 3
Let f be ((-3)/2)/((15/10)/(-3)). Suppose 229 = f*b + 13. What are the prime factors of b?
2, 3
Let j(f) = -f**2 + 15*f - 15. Let w = 8 + -5. Suppose -a - v - 21 = -3*a, -2*a - w*v + 17 = 0. What are the prime factors of j(a)?
5, 7
Let j(d) be the third derivative of 7*d**4/12 - 3*d**3 - 15*d**2. What are the prime factors of j(10)?
2, 61
Suppose -5*x - 2*n + 17432 = -4618, -13230 = -3*x - 4*n. What are the prime factors of x?
2, 3, 5, 7
Let r(n) = -19*n + 390. What are the prime factors of r(-34)?
2, 7, 37
Let h(z) = z**3 + 6*z**2 + 5*z + 6. Let x be h(-5). Suppose 0 = 2*f + x + 4. Let v(n) = -n**3 - 4*n**2 + 3*n - 5. List the prime factors of v(f).
5
Let n be 46/69 + 5/(-3). Let x be (-1 - n)/(-4) - -30. Let w = x + 22. What are the prime factors of w?
2, 13
Suppose -37*x = -41*x + 16. Suppose -x*g + 140 = -532. What are the prime factors of g?
2, 3, 7
Let f = 68 - 34. Suppose f = g - k, 7*k - 2*k - 118 = -3*g. List the prime factors of g.
2, 3
Let t(m) = m**2 + 2*m + 2. Let g be t(-2). Suppose -w = 3*d - 326, -3 + 1 = g*w. What are the prime factors of d?
109
Let d be 11/5 - 5/25. Let v(z) = -1 - d - z**2 + 12*z + 4. List the prime factors of v(5).
2, 3
Suppose -2*c + c + 4540 = 3*z, 4*z - 22667 = -5*c. What are the prime factors of c?
23, 197
Let v = 312 + -112. Let n = 290 - v. What are the prime factors of n?
2, 3, 5
Let z(p) = p**3 + 7*p**2 + 7*p + 9. Suppose -4*s - 9 = 15. Let g be z(s). Suppose 6*u + 58 = 5*c + g*u, 0 = 2*c - 4*u - 26. What are the prime factors of c?
11
Suppose o - 5*u - 19 = 0, -4*u = -5*o + 46 + 28. List the prime factors of o.
2, 7
Let m(o) = -23*o + 14. Let s be m(-8). Let v = -134 + s. What are the prime factors of v?
2
Suppose x - 1670 = -5*v, -3*v + 0*v + 1009 = 2*x. What are the prime factors of v?
3, 37
Let z = -12 + 28. Let d be (z/7)/(2/7). Let m(o) = -o**3 + 8*o**2 + 2*o - 4. What are the prime factors of m(d)?
2, 3
Let w = 601 + -540. What are the prime factors of w?
61
Suppose 5*r = -i + 29, -2*r + 3 + 1 = 0. Suppose t - 5 = o + i, 0 = -t + 3*o + 22. What are the prime factors of t?
5
List the prime factors of -1 + 8/(56/1295).
2, 23
Let d = 122 - 75. List the prime factors of d.
47
Suppose 0 = -7*t + 2*t. Suppose 9*c - 4*c - n - 20 = t, 4*n = 4*c. Suppose 0 = -4*z - 4*b + 176, 0 = 5*b - 0*b - c. List the prime factors of z.
43
Suppose 2*l = -4*y + 1956, -6*l + 2*l = y - 3933. List the prime factors of l.
2, 3, 41
Let o(i) be the first derivative of i**3/3 + i**2 + 5. Let s be o(-3). Suppose -2*n = s - 27. What are the prime factors of n?
2, 3
Let f = 1 + 3. Suppose 3*c + 9 = -5*h, -4*h + 0*h - f = 4*c. Suppose -4*z + v + c*v = -33, -4*z + 2*v = -38. List the prime factors of z.
2, 3
Suppose 4*o + 4*a - 4315 = 709, -4*o - a + 5024 = 0. What are the prime factors of o?
2, 157
Let h(n) = -4*n - 1. Suppose 0*l + 3*y + 23 = -2*l, -1 = y. Let w = -11 - l. What are the prime factors of h(w)?
3
Let s(g) = -32*g + 1. Let h be s(2). Let b = 143 + h. What are the prime factors of b?
2, 5
Let u(a) = -11 + a**2 + 2*a - 2*a**2 + 2*a**2. List the prime factors of u(5).
2, 3
Let d = 36 + -55. Suppose f - 2*z + 0 + 5 = 0, 2*z = -6. Let g = f - d. What are the prime factors of g?
2
List the prime factors of 1*(-6)/12*-1182.
3, 197
Let r be 3/(-12) - (-58)/8. Suppose 2*x = -r + 3. List the prime factors of (x/(-4))/((-4)/(-248)).
31
Suppose -5*n = -20, 4*n - 4 - 8 = -4*i. Let s = 2 - i. List the prime factors of 30 + s/(9/6).
2
Suppose -2*b = 2*x + 358, 2*x - x + 173 = -4*b. Let l = x + 323. List the prime factors of l.
2, 71
Let u(g) = 4*g**2 - 6*g - 3. Suppose 0 = -4*b - 3*x - 3 + 34, 3*x = 3*b - 18. Let r = 10 - b. List the prime factors of u(r).
3, 5
Let j(g) = 17*g + 3. Let h(x) = -x + 2. Let l be h(-3). Let p be j(l). Let q = p - 26. List the prime factors of q.
2, 31
Let m be (12/(-20))/1 - (-4)/(-10). What are the prime factors of m/(-3) + (-449)/(-3)?
2, 3, 5
Suppose 0 = 41*o - 10987 - 19312. What are the prime factors of o?
739
Suppose 0 = 3*z - 21 + 45. Let u be 378/12*z/(-6). List the prime factors of (36/u)/((-2)/(-126)).
2, 3
Let s(a) = -3*a**3 - 11*a**2 + 4*a + 4. Let c be s(-4). Suppose 2353 = 17*o - c*o. What are the prime factors of o?
181
Suppose 3*z = 12*z - 5364. What are the prime factors of z?
2, 149
Let b = -5 - -6. Suppose 0 = -x - 0*x - b. List the prime factors of (-7)/(x/4*2).
2, 7
Let v be ((-1)/(-3))/1*(6 - -270). Let a = v - 42. What are the prime factors of a?
2, 5
Let b(u) = 14*u - 1. Let j(d) = -27*d + 2. Let k(i) = 7*b(i) + 4*j(i). Suppose 5*v = -10 - 0. What are the prime factors of k(v)?
3, 7
Let j = -24 - -28. List the prime factors of (4 + 0)*(-3 + 50/j).
2, 19
Let x = 56 - -39. Let f = 32 + x. What are the prime factors of f?
127
Let w = 26 + -21. Suppose -20 = 4*j, 4*i - j - 80 = -w*j. List the prime factors of i.
5
Suppose 3*b + 0 = 3. Let p(c) = -250 + 35*c + 500 - c -